)?
2
Let q(w) = 2*w**2 - 14*w - 7. Let n be q(11). What is the units digit of 6/n*3 - 5396/(-18)?
0
Let j(h) = -3033*h + 726. What is the hundreds digit of j(-4)?
8
Suppose 5*v = 6*v - 8. Let u(f) = -f. Let a(b) = b**2 - 13*b. Let o(t) = -a(t) - 6*u(t). What is the tens digit of o(v)?
8
Let k be (-2)/(-9) + (-94)/18. Let n be 27/((-3024)/(-17500)) - 2/(-8)*-1. Let o = n - k. What is the units digit of o?
1
Suppose 2*a = -0 - 12. Let p be -6*(-1)/(-4)*304/a. Let j = p - 53. What is the units digit of j?
3
Suppose 2*g = 10, -2053 = -5*s + 9*g + 17492. What is the thousands digit of s?
3
Let g be 9/6*-1*(-12 - 1226). Suppose 2*i - g = -3*h, i = -2*i - 4*h + 2784. What is the hundreds digit of i?
9
Let n(q) = 68*q - 40. Let i(k) = -136*k + 81. Let r(z) = -3*i(z) - 5*n(z). Let f be r(8). Suppose -l + f = 2*l. What is the tens digit of l?
6
Suppose 0 = 2*p + 2*z - z - 9, 3*z + 6 = 5*p. Suppose g - p = 5. Suppose -290 - 294 = -g*s. What is the units digit of s?
3
Suppose -8 = -u - l - 2, 4 = l. Suppose -u*b = -2*h + 2*b + 1048, 5*h - 2642 = -b. What is the units digit of h?
8
Suppose 0 = c + 3*m - 1177, 0 = 9*m - 14*m - 20. Let p = 2333 - c. What is the hundreds digit of p?
1
Let v(q) = -732*q - 199. Let c be v(-9). Suppose 7*o - 828 = c. What is the units digit of o?
1
Suppose 3*m - 58642 = 4*d - 172228, 0 = -4*m - 8. What is the ten thousands digit of d?
2
Let a(x) = 643*x + 172. Let b be a(5). Suppose -8*z + 605 = -b. What is the hundreds digit of z?
4
Suppose c + 3*a + 141 = 0, -5*c - 241 - 428 = 3*a. Let p = c - -264. What is the tens digit of p?
3
Let j = 6 - 4. Suppose -21 = -c - 2*h - 3*h, -j*c = -4*h - 70. What is the units digit of c?
1
Let l(j) = 2*j**2 - 6*j + 15. Let f = 28 + -34. Let r be l(f). Let m = r - 73. What is the units digit of m?
0
Let x(h) = -h**3 + 4*h**2 + 8*h - 11. Let p be x(5). Suppose m + 4*s - 108 = 0, -8*s + p*s = -3*m + 340. What is the hundreds digit of m?
1
Suppose -11*i + 534 + 5 = 0. Let y = -44 + i. Suppose 0 = 2*k - y*h - 215, h - 1 = -0*h. What is the hundreds digit of k?
1
Suppose -5*z + 14*n + 33219 = 17*n, 0 = -2*z - 3*n + 13284. What is the hundreds digit of z?
6
Let d = 2782 - -10454. What is the ten thousands digit of d?
1
Let d be (3 + 32)/(-5)*-3. Suppose 0 = 4*u + 16, 2*u + 375 = 2*z - d. Suppose 514 + z = 4*p. What is the tens digit of p?
7
Let x(i) = 0*i + 4*i - 3 + 1 + 0*i. What is the units digit of x(32)?
6
Suppose -2*n - 21 = 1. What is the tens digit of (4 - 68/4*n) + -1?
9
Let m(v) be the second derivative of -2*v**5/5 - v**4/4 - v**3/2 - 17*v**2/2 - v - 42. What is the hundreds digit of m(-4)?
4
Let z = 220 + -124. Let b = 468 + z. What is the units digit of b?
4
Suppose 5*x + 20 = 0, 0*j = -3*j - x - 4072. Let g = -686 - j. What is the units digit of g?
0
Let x(a) = a**3 + 45*a**2 + 16*a - 2. What is the units digit of x(-8)?
8
Suppose 0 = 2*o - 2*q + 562, 632 = -2*o - 4*q + 94. Let h = -117 - o. Let n = -77 + h. What is the tens digit of n?
8
Let p(j) = -5*j + 35. Let r(y) = 7*y - 33. Let z(t) = 6*p(t) + 5*r(t). Let k be (15/9)/((-1)/(-9)). What is the tens digit of z(k)?
2
Suppose 5*x = r + 52, 4*r = 3*r - x - 40. Let n be ((-1)/(-2))/((-1)/2). What is the tens digit of (n + -9)/(7/r)?
6
Suppose 4*t - t + 398102 = 5*r, 2*r + 4*t = 159194. What is the units digit of r?
5
Let g(d) = d + 4. Let i be g(12). Suppose 5*z + 2*x - i = 0, -x + 14 = 4*z + x. What is the units digit of z/(-5) + (-792)/(-55)?
4
Suppose 0 = 64*i - 50*i + 1680. What is the hundreds digit of ((-12)/(-48)*19)/((-2)/i)?
2
Let x be 5*(1308/(-5) + -4). Let v = x - 1627. What is the tens digit of v/(-35) - (-3)/(-7)?
8
Let u(s) = -s**2 - 18*s - 25. Let m be u(-16). Suppose -173 = -3*l + m. What is the tens digit of l?
6
What is the ten thousands digit of 11773 - (13 + -2 + -3)?
1
Let w(m) = 2*m**2 - 8*m + 4 - 6 + m. Let y be w(4). Suppose -l - 313 = -3*b, y*b = -2*b - 2*l + 404. What is the tens digit of b?
0
Let x(g) = -761*g - 1646. What is the thousands digit of x(-14)?
9
Let a(o) = -2*o**2 - 24*o + 17. Let q be a(-14). Suppose 0*j = 4*j - 296. Let l = j + q. What is the tens digit of l?
3
Suppose v + 9 = -x + 126, 0 = 5*x - 10. Suppose 2*l - 19 = q, -6*q + 2*q = -5*l + 64. Let r = v + q. What is the units digit of r?
4
Let r = 15960 + -3414. What is the tens digit of r?
4
Let y(i) = 12*i**2 - 6*i - 83. What is the units digit of y(19)?
5
Let y(p) = 6*p**2 + 81*p + 9. Let h be y(-16). Suppose 0 = -330*c + 329*c + h. What is the units digit of c?
9
Let c = -16113 - -29948. What is the hundreds digit of c?
8
Suppose 0*v - 9*v + 9207 = 0. Let s = v + -459. Suppose 3*r = -3*f + s, -3*r + 593 = 4*f + 31. What is the tens digit of r?
9
Let j(m) = -3*m**2 + 81*m + 64. Let c be j(24). Let k = c - 175. What is the tens digit of k?
0
Suppose 106 = -b + 4*c - 44, 2*b = 3*c - 320. Let o = b - -352. What is the tens digit of o?
8
Suppose 19*p - 643356 = -27*p. What is the ten thousands digit of p?
1
Suppose 2*o + 690 = 4*s, -5*s - o - 4*o + 885 = 0. Suppose 7*d - d - s = 0. Suppose -5*p + d = -x, -4*x = -3*p - 7*x + 3. What is the units digit of p?
5
Let t(q) = -q**2 - 12*q - 16. Let o be t(-10). Suppose -6*x + o*x - 40 = 0. What is the tens digit of (10 - x)*(-3)/(-2)?
4
Let b(r) = -r**3 + 87*r**2 - 1299*r - 86. What is the hundreds digit of b(52)?
0
Let t = 35 - 33. What is the thousands digit of 128028/(-47)*(3/t)/(-3)?
1
What is the units digit of ((-1797275)/(-58))/37*8/1?
0
Suppose -2*s = -5*m - 149, s + 43 = 3*m + 115. Suppose -h + s = -87. What is the units digit of h?
4
Suppose -179*w - 148*w + 54 = -300*w. Let b = 538 - -167. Suppose w*c - b = -145. What is the units digit of c?
0
Let n be (-588)/126*6/4*34. Let q = n + 506. What is the hundreds digit of q?
2
Suppose 5406 = 4*d + 3*j - 2*j, -5*j - 10 = 0. Suppose 15*n - 19*n + d = 0. What is the units digit of n?
8
Suppose -3*x = 11*x - 1176. Let m = x + -48. Suppose u - m = -5*t + 107, 3*t = -9. What is the hundreds digit of u?
1
Suppose -4*n + 3*s = -0*s + 317, 3*s = -5*n - 430. Let d = n + 106. Suppose 18*y + 635 = d*y. What is the units digit of y?
7
Let b(d) = -3*d**3 - d**2 - 4*d + 3. Suppose 3*i = 2*p + 25, 5*p - 5*i + 45 = -i. Let l be b(p). Let x = l - 219. What is the hundreds digit of x?
1
Let t(o) = -o**2 - 7*o - 7. Let z be t(-3). Suppose -a - 2*a = 2*h - z, -3*a = 3*h. Suppose -4*x - 3*p = -43, p = 5*x + a*p - 53. What is the tens digit of x?
1
Let w be (20/(-15))/(26/(-312)). Let d = -12 + 24. Suppose d*h = w*h - 360. What is the tens digit of h?
9
Let n(h) = -7*h - 4*h + 10*h**2 - 2*h - 14 + 6*h - h**3. Let a be n(9). Suppose -136 = -a*g + 116. What is the tens digit of g?
6
Let t(p) = -p + 10. Let u be t(4). Suppose u*q - 2 + 38 = 0. What is the tens digit of (-444)/4*4/q?
7
Let o(x) = -261*x**3 + 3*x**2 + 28*x - 68. Let w(q) = -174*q**3 + 2*q**2 + 19*q - 45. Let j(l) = 5*o(l) - 8*w(l). What is the units digit of j(2)?
8
Let s(k) be the third derivative of k**6/120 - 19*k**5/60 - 17*k**4/12 + 37*k**3/3 + 6*k**2 + 4*k. What is the hundreds digit of s(22)?
7
Let y(n) be the second derivative of n**5/12 - 11*n**4/24 - 5*n**3/6 + 2*n**2 - 8*n. Let p(u) be the first derivative of y(u). What is the units digit of p(6)?
9
Let c(p) be the third derivative of p**4/4 - 5*p**3/3 - 25*p**2. Let z be c(-3). Let b = 110 + z. What is the units digit of b?
2
Let u = 34784 - 26181. What is the units digit of u?
3
Suppose -100*x + x - 54*x = -511020. What is the thousands digit of x?
3
What is the tens digit of (318888/(-9))/(-5 + 4)?
3
Let y be ((14/(-3))/7)/(6/(-45)). Suppose -y*x + 12*x = 6692. What is the units digit of x?
6
Let c be (5 - 10/2) + (0 - 8). Let w be ((-15)/(-20))/((-2)/c). Suppose -g - 50 + 175 = 4*d, w*g + 5*d = 389. What is the hundreds digit of g?
1
Let t be 535 + 8/(40/(-45)). Suppose 101 = -17*g + t. What is the tens digit of g?
2
Suppose 0 = -46*f - 74562 + 1735484. What is the tens digit of f?
0
Suppose 5*l - 8582 = -3*i, 49*i + l = 45*i + 11454. What is the tens digit of i?
6
Suppose 0 = 8*s - 132311 + 4752 - 83833. What is the tens digit of s?
2
What is the ten thousands digit of (-430 + 2799)*(-1 - -15)?
3
Suppose -3*g = -97 - 23. What is the tens digit of (-16)/g + -2 + 11268/20?
6
Let t(j) = j**2 + 4*j + 3. Let a be t(-4). Suppose 5 = a*u - 